hat is the remainder when 82727 is divided by 71?
12
Calculate the remainder when 93421 is divided by 150.
121
What is the remainder when 72265 is divided by 327?
325
Calculate the remainder when 5322 is divided by 1759.
45
What is the remainder when 2950 is divided by 1010?
930
What is the remainder when 40488 is divided by 10?
8
What is the remainder when 4673 is divided by 117?
110
What is the remainder when 28735 is divided by 9576?
7
Calculate the remainder when 76258 is divided by 1231.
1167
What is the remainder when 3999 is divided by 406?
345
What is the remainder when 428 is divided by 80?
28
Calculate the remainder when 2240 is divided by 1679.
561
Calculate the remainder when 5375 is divided by 69.
62
What is the remainder when 114 is divided by 36?
6
Calculate the remainder when 21356 is divided by 380.
76
Calculate the remainder when 748 is divided by 137.
63
What is the remainder when 57951 is divided by 102?
15
Calculate the remainder when 1449710 is divided by 11415.
5
What is the remainder when 33086 is divided by 2558?
2390
Calculate the remainder when 133852 is divided by 14.
12
Calculate the remainder when 9785 is divided by 12.
5
What is the remainder when 3105 is divided by 54?
27
Calculate the remainder when 1134 is divided by 628.
506
Calculate the remainder when 100854 is divided by 902.
732
What is the remainder when 16155 is divided by 67?
8
Calculate the remainder when 50279 is divided by 346.
109
What is the remainder when 6208 is divided by 1031?
22
What is the remainder when 9145 is divided by 459?
424
Calculate the remainder when 29462 is divided by 61.
60
Calculate the remainder when 17181 is divided by 121.
120
What is the remainder when 8880 is divided by 355?
5
Calculate the remainder when 6981 is divided by 1396.
1
What is the remainder when 9477 is divided by 40?
37
What is the remainder when 15713 is divided by 12?
5
Calculate the remainder when 13516 is divided by 4351.
463
What is the remainder when 5820 is divided by 49?
38
What is the remainder when 173052 is divided by 329?
327
What is the remainder when 9292 is divided by 3002?
286
Calculate the remainder when 77 is divided by 8.
5
Calculate the remainder when 47321 is divided by 893.
885
What is the remainder when 10369 is divided by 3429?
82
What is the remainder when 52859 is divided by 28?
23
What is the remainder when 20305 is divided by 2899?
12
What is the remainder when 94203 is divided by 180?
63
What is the remainder when 127196 is divided by 193?
9
Calculate the remainder when 56844 is divided by 176.
172
What is the remainder when 1062428 is divided by 672?
668
What is the remainder when 29423 is divided by 214?
105
What is the remainder when 6858 is divided by 458?
446
Calculate the remainder when 591 is divided by 558.
33
What is the remainder when 4412 is divided by 3921?
491
What is the remainder when 5801 is divided by 2843?
115
Calculate the remainder when 772952 is divided by 306.
302
What is the remainder when 5011 is divided by 55?
6
Calculate the remainder when 34239 is divided by 353.
351
What is the remainder when 294805 is divided by 49133?
7
Calculate the remainder when 5551 is divided by 2342.
867
What is the remainder when 12374 is divided by 7?
5
Calculate the remainder when 8852 is divided by 2523.
1283
Calculate the remainder when 522160 is divided by 52216.
0
Calculate the remainder when 632 is divided by 62.
12
Calculate the remainder when 19562 is divided by 9681.
200
Calculate the remainder when 107274 is divided by 107269.
5
What is the remainder when 37735 is divided by 75?
10
Calculate the remainder when 5368129 is divided by 601.
598
What is the remainder when 407211 is divided by 27?
24
What is the remainder when 32566 is divided by 8137?
18
What is the remainder when 54186 is divided by 1260?
6
Calculate the remainder when 69760 is divided by 81.
19
What is the remainder when 67890 is divided by 4841?
116
What is the remainder when 4725 is divided by 1181?
1
Calculate the remainder when 2996 is divided by 991.
23
Calculate the remainder when 13124474 is divided by 325.
324
What is the remainder when 428 is divided by 16?
12
Calculate the remainder when 3535 is divided by 153.
16
What is the remainder when 3915 is divided by 974?
19
What is the remainder when 556997 is divided by 60?
17
Calculate the remainder when 4731 is divided by 321.
237
What is the remainder when 204574 is divided by 29224?
6
Calculate the remainder when 335464 is divided by 67.
62
Calculate the remainder when 208140 is divided by 117.
114
What is the remainder when 276631 is divided by 27?
16
Calculate the remainder when 4447 is divided by 320.
287
What is the remainder when 22736 is divided by 1267?
1197
Calculate the remainder when 397 is divided by 50.
47
Calculate the remainder when 17652 is divided by 17.
6
Calculate the remainder when 94184 is divided by 1744.
8
What is the remainder when 8428 is divided by 286?
134
Calculate the remainder when 4390 is divided by 594.
232
What is the remainder when 2665 is divided by 176?
25
What is the remainder when 636088 is divided by 212025?
13
Calculate the remainder when 307550 is divided by 56.
54
Calculate the remainder when 37472 is divided by 153.
140
What is the remainder when 95343 is divided by 197?
192
What is the remainder when 12933 is divided by 95?
13
What is the remainder when 1895 is divided by 4?
3
Calculate the remainder when 9384 is divided by 2339.
28
What is the remainder when 3013217 is divided by 237?
236
What is the remainder when 741672 is divided by 123612?
0
Calculate the remainder when 47345 is divided by 526.
5
What is the remainder when 354285 is divided by 52?
9
What is the remainder when 14335 is divided by 551?
9
Calculate the remainder when 1298 is divided by 283.
166
What is the remainder when 1090 is divided by 29?
17
What is the remainder when 33187 is divided by 2?
1
Calculate the remainder when 78241 is divided by 9779.
9
What is the remainder when 21326 is divided by 54?
50
What is the remainder when 5441 is divided by 1812?
5
What is the remainder when 918 is divided by 654?
264
What is the remainder when 17462 is divided by 4362?
14
What is the remainder when 11085 is divided by 169?
100
What is the remainder when 187427 is divided by 46853?
15
What is the remainder when 164490 is divided by 147?
144
What is the remainder when 141976 is divided by 916?
912
What is the remainder when 136137 is divided by 4862?
1
Calculate the remainder when 63524 is divided by 3176.
4
What is the remainder when 3971 is divided by 106?
49
Calculate the remainder when 2137131 is divided by 49.
45
Calculate the remainder when 28484 is divided by 3.
2
Calculate the remainder when 226925 is divided by 21.
20
What is the remainder when 21987 is divided by 206?
151
Calculate the remainder when 81270 is divided by 205.
90
What is the remainder when 206085 is divided by 2240?
5
What is the remainder when 420094 is divided by 547?
545
What is the remainder when 143587 is divided by 251?
15
What is the remainder when 348661 is divided by 137?
133
What is the remainder when 254615 is divided by 171?
167
Calculate the remainder when 3630 is divided by 304.
286
What is the remainder when 2657383 is divided by 28?
15
Calculate the remainder when 16552 is divided by 332.
284
Calculate the remainder when 20492 is divided by 81.
80
What is the remainder when 2699 is divided by 26?
21
Calculate the remainder when 597463 is divided by 227.
226
What is the remainder when 28761 is divided by 14375?
11
Calculate the remainder when 2951 is divided by 79.
28
What is the remainder when 19389 is divided by 6458?
15
What is the remainder when 91664 is divided by 31?
28
What is the remainder when 1565 is divided by 1521?
44
What is the remainder when 1055 is divided by 44?
43
What is the remainder when 100505 is divided by 1226?
1199
Calculate the remainder when 14233 is divided by 374.
21
Calculate the remainder when 800114 is divided by 66.
62
What is the remainder when 31849 is divided by 35?
34
What is the remainder when 1669 is divided by 145?
74
What is the remainder when 27399 is divided by 1522?
3
What is the remainder when 13119 is divided by 13114?
5
Calculate the remainder when 17